{"id":39,"date":"2025-03-02T11:01:31","date_gmt":"2025-03-02T11:01:31","guid":{"rendered":"https:\/\/peepraun.ee\/?page_id=39"},"modified":"2025-03-11T12:49:39","modified_gmt":"2025-03-11T12:49:39","slug":"muusikakollektiivid","status":"publish","type":"page","link":"https:\/\/www.peepraun.ee\/?page_id=39","title":{"rendered":"Muusikakollektiivid"},"content":{"rendered":"\t\t<div data-elementor-type=\"wp-page\" data-elementor-id=\"39\" class=\"elementor elementor-39\">\n\t\t\t\t<div class=\"elementor-element elementor-element-a959bc9 e-flex e-con-boxed e-con e-parent\" data-id=\"a959bc9\" data-element_type=\"container\" data-e-type=\"container\">\n\t\t\t\t\t<div class=\"e-con-inner\">\n\t\t\t\t<div class=\"elementor-element elementor-element-c4ca922 elementor-widget-divider--view-line elementor-widget elementor-widget-divider\" data-id=\"c4ca922\" data-element_type=\"widget\" data-e-type=\"widget\" data-widget_type=\"divider.default\">\n\t\t\t\t<div class=\"elementor-widget-container\">\n\t\t\t\t\t\t\t<div class=\"elementor-divider\">\n\t\t\t<span class=\"elementor-divider-separator\">\n\t\t\t\t\t\t<\/span>\n\t\t<\/div>\n\t\t\t\t\t\t<\/div>\n\t\t\t\t<\/div>\n\t\t\t\t\t<\/div>\n\t\t\t\t<\/div>\n\t\t<div class=\"elementor-element elementor-element-a943e1c e-flex e-con-boxed e-con e-parent\" data-id=\"a943e1c\" data-element_type=\"container\" data-e-type=\"container\">\n\t\t\t\t\t<div class=\"e-con-inner\">\n\t\t\t\t<div class=\"elementor-element elementor-element-359c95e elementor-widget elementor-widget-heading\" data-id=\"359c95e\" data-element_type=\"widget\" data-e-type=\"widget\" data-widget_type=\"heading.default\">\n\t\t\t\t<div class=\"elementor-widget-container\">\n\t\t\t\t\t<h2 class=\"elementor-heading-title elementor-size-default\">Kreeka Muusika Ansambel Zorbas<br><br><\/h2>\t\t\t\t<\/div>\n\t\t\t\t<\/div>\n\t\t\t\t\t<\/div>\n\t\t\t\t<\/div>\n\t\t<div class=\"elementor-element elementor-element-046f874 e-flex e-con-boxed e-con e-parent\" data-id=\"046f874\" data-element_type=\"container\" data-e-type=\"container\">\n\t\t\t\t\t<div class=\"e-con-inner\">\n\t\t<div class=\"elementor-element elementor-element-6f5417b e-con-full e-flex e-con e-child\" data-id=\"6f5417b\" data-element_type=\"container\" data-e-type=\"container\">\n\t\t\t\t<div class=\"elementor-element elementor-element-f157c6e elementor-widget__width-initial elementor-widget elementor-widget-image\" data-id=\"f157c6e\" data-element_type=\"widget\" data-e-type=\"widget\" data-widget_type=\"image.default\">\n\t\t\t\t<div class=\"elementor-widget-container\">\n\t\t\t\t\t\t\t\t\t\t\t\t\t\t\t<img fetchpriority=\"high\" decoding=\"async\" width=\"2048\" height=\"1542\" src=\"https:\/\/peepraun.ee\/wp-content\/uploads\/2025\/03\/Kreeka-Muusika-Ansambel-ZORBAS-foto-2048x1542.jpg\" class=\"attachment-2048x2048 size-2048x2048 wp-image-810\" alt=\"\" srcset=\"https:\/\/peepraun.ee\/wp-content\/uploads\/2025\/03\/Kreeka-Muusika-Ansambel-ZORBAS-foto-2048x1542.jpg 2048w, https:\/\/peepraun.ee\/wp-content\/uploads\/2025\/03\/Kreeka-Muusika-Ansambel-ZORBAS-foto-300x226.jpg 300w, https:\/\/peepraun.ee\/wp-content\/uploads\/2025\/03\/Kreeka-Muusika-Ansambel-ZORBAS-foto-1024x771.jpg 1024w, https:\/\/peepraun.ee\/wp-content\/uploads\/2025\/03\/Kreeka-Muusika-Ansambel-ZORBAS-foto-768x578.jpg 768w, https:\/\/peepraun.ee\/wp-content\/uploads\/2025\/03\/Kreeka-Muusika-Ansambel-ZORBAS-foto-1536x1157.jpg 1536w, https:\/\/peepraun.ee\/wp-content\/uploads\/2025\/03\/Kreeka-Muusika-Ansambel-ZORBAS-foto-1000x753.jpg 1000w, https:\/\/peepraun.ee\/wp-content\/uploads\/2025\/03\/Kreeka-Muusika-Ansambel-ZORBAS-foto-230x173.jpg 230w, https:\/\/peepraun.ee\/wp-content\/uploads\/2025\/03\/Kreeka-Muusika-Ansambel-ZORBAS-foto-350x264.jpg 350w, https:\/\/peepraun.ee\/wp-content\/uploads\/2025\/03\/Kreeka-Muusika-Ansambel-ZORBAS-foto-480x361.jpg 480w\" sizes=\"(max-width: 2048px) 100vw, 2048px\" \/>\t\t\t\t\t\t\t\t\t\t\t\t\t\t\t<\/div>\n\t\t\t\t<\/div>\n\t\t\t\t<\/div>\n\t\t<div class=\"elementor-element elementor-element-c7650c1 e-con-full e-flex e-con e-child\" data-id=\"c7650c1\" data-element_type=\"container\" data-e-type=\"container\">\n\t\t\t\t<div class=\"elementor-element elementor-element-a13863d elementor-widget elementor-widget-text-editor\" data-id=\"a13863d\" data-element_type=\"widget\" data-e-type=\"widget\" data-widget_type=\"text-editor.default\">\n\t\t\t\t<div class=\"elementor-widget-container\">\n\t\t\t\t\t\t\t\t\t<p class=\"zfr3Q CDt4Ke \" dir=\"ltr\"><span class=\"C9DxTc \">K\u00f5ik need, kes on kuulanud ja n\u00e4inud Kreeka Muusika Ansamblit Zorbas ja teavad meie laule, tunnevad Kreekasse j\u00f5udes end koduselt, sest seal k\u00f5lav muusika tundub justkui tuttav ning oma.<\/span><\/p><p class=\"zfr3Q CDt4Ke \" dir=\"ltr\"><span class=\"C9DxTc \">Eriliselt h\u00e4sti sobitume pidudele, kus mehi v\u00e4hemuses v\u00f5i puuduvad \u00fcldse. Aga ka vastupidi\u2026 Kreeka tantse tantsitakse traditsiooniliselt ringis \u2013 k\u00f5ik koos \u2026.aga ka vabalt valitud partneriga v\u00f5i hoopiski \u00fcksi\u2026, peaasi, et s\u00fcdames p\u00e4ike\u2026<\/span><\/p><p class=\"zfr3Q CDt4Ke \" dir=\"ltr\"><span class=\"C9DxTc \">Koosseis: <\/span><\/p><p class=\"zfr3Q CDt4Ke \" dir=\"ltr\"><span class=\"C9DxTc \">Tomas Penuakis \u2013 buzuki, laul<\/span><\/p><p class=\"zfr3Q CDt4Ke \" dir=\"ltr\"><span class=\"C9DxTc \">Aldo Morakis \u2013 kitarr, lauto, laul<\/span><span class=\"C9DxTc \"><br \/><\/span><\/p><p class=\"zfr3Q CDt4Ke \" dir=\"ltr\"><span class=\"C9DxTc \">Imre Kalamatianos \u2013 klarnet, baglamas, laul<\/span><\/p><p class=\"zfr3Q CDt4Ke \" dir=\"ltr\"><span class=\"C9DxTc \">Peep Mouskour\u00a0 \u2013 akordion, laul <\/span><\/p><p class=\"zfr3Q CDt4Ke \" dir=\"ltr\"><span class=\"C9DxTc \">Lea Petersonassis \u2013 kontrabass, laul<\/span><\/p><p dir=\"ltr\">\u00a0<\/p><p dir=\"ltr\">\u00a0<\/p>\t\t\t\t\t\t\t\t<\/div>\n\t\t\t\t<\/div>\n\t\t\t\t<\/div>\n\t\t\t\t\t<\/div>\n\t\t\t\t<\/div>\n\t\t<div class=\"elementor-element elementor-element-3c30cdd e-flex e-con-boxed e-con e-parent\" data-id=\"3c30cdd\" data-element_type=\"container\" data-e-type=\"container\">\n\t\t\t\t\t<div class=\"e-con-inner\">\n\t\t\t\t<div class=\"elementor-element elementor-element-9f72182 elementor-widget elementor-widget-heading\" data-id=\"9f72182\" data-element_type=\"widget\" data-e-type=\"widget\" data-widget_type=\"heading.default\">\n\t\t\t\t<div class=\"elementor-widget-container\">\n\t\t\t\t\t<h2 class=\"elementor-heading-title elementor-size-default\">Marko Matvere ja Peep Raun \"Merelaulud ehk mulle meeldib maa\"<br><br><\/h2>\t\t\t\t<\/div>\n\t\t\t\t<\/div>\n\t\t\t\t\t<\/div>\n\t\t\t\t<\/div>\n\t\t<div class=\"elementor-element elementor-element-f7ecdf3 e-flex e-con-boxed e-con e-parent\" data-id=\"f7ecdf3\" data-element_type=\"container\" data-e-type=\"container\">\n\t\t\t\t\t<div class=\"e-con-inner\">\n\t\t<div class=\"elementor-element elementor-element-98e2c7c e-con-full e-flex e-con e-child\" data-id=\"98e2c7c\" data-element_type=\"container\" data-e-type=\"container\">\n\t\t\t\t<div class=\"elementor-element elementor-element-74f31e0 elementor-widget__width-initial elementor-widget elementor-widget-image\" data-id=\"74f31e0\" data-element_type=\"widget\" data-e-type=\"widget\" data-widget_type=\"image.default\">\n\t\t\t\t<div class=\"elementor-widget-container\">\n\t\t\t\t\t\t\t\t\t\t\t\t\t\t\t<img decoding=\"async\" width=\"800\" height=\"517\" src=\"https:\/\/peepraun.ee\/wp-content\/uploads\/2025\/03\/Plakat.-Merelaulude-kontsert-MULLE-MEELDIB-MAA.-Marko-Matvere-Peep-Raun.jpg\" class=\"attachment-large size-large wp-image-873\" alt=\"\" srcset=\"https:\/\/peepraun.ee\/wp-content\/uploads\/2025\/03\/Plakat.-Merelaulude-kontsert-MULLE-MEELDIB-MAA.-Marko-Matvere-Peep-Raun.jpg 800w, https:\/\/peepraun.ee\/wp-content\/uploads\/2025\/03\/Plakat.-Merelaulude-kontsert-MULLE-MEELDIB-MAA.-Marko-Matvere-Peep-Raun-300x194.jpg 300w, https:\/\/peepraun.ee\/wp-content\/uploads\/2025\/03\/Plakat.-Merelaulude-kontsert-MULLE-MEELDIB-MAA.-Marko-Matvere-Peep-Raun-768x496.jpg 768w, https:\/\/peepraun.ee\/wp-content\/uploads\/2025\/03\/Plakat.-Merelaulude-kontsert-MULLE-MEELDIB-MAA.-Marko-Matvere-Peep-Raun-230x149.jpg 230w, https:\/\/peepraun.ee\/wp-content\/uploads\/2025\/03\/Plakat.-Merelaulude-kontsert-MULLE-MEELDIB-MAA.-Marko-Matvere-Peep-Raun-350x226.jpg 350w, https:\/\/peepraun.ee\/wp-content\/uploads\/2025\/03\/Plakat.-Merelaulude-kontsert-MULLE-MEELDIB-MAA.-Marko-Matvere-Peep-Raun-480x310.jpg 480w\" sizes=\"(max-width: 800px) 100vw, 800px\" \/>\t\t\t\t\t\t\t\t\t\t\t\t\t\t\t<\/div>\n\t\t\t\t<\/div>\n\t\t\t\t<\/div>\n\t\t<div class=\"elementor-element elementor-element-3b9dc8d e-con-full e-flex e-con e-child\" data-id=\"3b9dc8d\" data-element_type=\"container\" data-e-type=\"container\">\n\t\t\t\t<div class=\"elementor-element elementor-element-257eb9e elementor-widget elementor-widget-text-editor\" data-id=\"257eb9e\" data-element_type=\"widget\" data-e-type=\"widget\" data-widget_type=\"text-editor.default\">\n\t\t\t\t<div class=\"elementor-widget-container\">\n\t\t\t\t\t\t\t\t\t<p class=\"zfr3Q CDt4Ke \" dir=\"ltr\"><span class=\"C9DxTc \">Marko Matvere ja Peep Raun &#8220;Merelaulud ehk mulle meeldib maa&#8221;<\/span><\/p><p class=\"zfr3Q CDt4Ke \" dir=\"ltr\"><span class=\"C9DxTc \">Kontserdil k\u00f5lavad vanad merelaulud ja ballaadid koos jutuga purjelaevanduse kuldajast.<\/span><\/p><p class=\"zfr3Q CDt4Ke \" dir=\"ltr\"><span class=\"C9DxTc \">Purjelaevanduse hiilgeajaks loetakse 16. &#8211; \u00ad20. sajandit. Sel ajal toimetasid raapurjede all s\u00f5itvad laevad kaupu ja v\u00e4ljar\u00e4ndajaid k\u00f5ikidesse maailmajagudesse. Sellest perioodist p\u00e4rineb ka merelaulude traditsioon \u00ad <\/span><span class=\"C9DxTc \">shanty<\/span><span class=\"C9DxTc \">, millest omakorda arenes t\u00e4nap\u00e4evane, meile nii armas merelaul.<\/span><\/p><p class=\"zfr3Q CDt4Ke \" dir=\"ltr\"><span class=\"C9DxTc \">Koosseis:<\/span><\/p><p class=\"zfr3Q CDt4Ke \" dir=\"ltr\"><span class=\"C9DxTc \">Marko Matvere \u00ad- laul, kitarr<\/span><\/p><p class=\"zfr3Q CDt4Ke \" dir=\"ltr\"><span class=\"C9DxTc \">Peep Raun &#8211; akordion, laul<\/span><\/p><p><iframe title=\"Mulle meeldib maa! - MARKO MATVERE, PEEP RAUN\" width=\"1170\" height=\"658\" src=\"https:\/\/www.youtube.com\/embed\/Z_zGW2xZgfk?feature=oembed\" frameborder=\"0\" allow=\"accelerometer; autoplay; clipboard-write; encrypted-media; gyroscope; picture-in-picture; web-share\" referrerpolicy=\"strict-origin-when-cross-origin\" allowfullscreen><\/iframe><\/p>\t\t\t\t\t\t\t\t<\/div>\n\t\t\t\t<\/div>\n\t\t\t\t<\/div>\n\t\t\t\t\t<\/div>\n\t\t\t\t<\/div>\n\t\t<div class=\"elementor-element elementor-element-ecda1fc e-con-full e-flex e-con e-parent\" data-id=\"ecda1fc\" data-element_type=\"container\" data-e-type=\"container\">\n\t\t\t\t<div class=\"elementor-element elementor-element-930cd0f elementor-widget elementor-widget-heading\" data-id=\"930cd0f\" data-element_type=\"widget\" data-e-type=\"widget\" data-widget_type=\"heading.default\">\n\t\t\t\t<div class=\"elementor-widget-container\">\n\t\t\t\t\t<h2 class=\"elementor-heading-title elementor-size-default\">Ansambel Keila Kaunimate Agulih\u00e4rrade Vennaskond<br><\/h2>\t\t\t\t<\/div>\n\t\t\t\t<\/div>\n\t\t\t\t<\/div>\n\t\t<div class=\"elementor-element elementor-element-ea9b425 e-flex e-con-boxed e-con e-parent\" data-id=\"ea9b425\" data-element_type=\"container\" data-e-type=\"container\">\n\t\t\t\t\t<div class=\"e-con-inner\">\n\t\t\t\t\t<\/div>\n\t\t\t\t<\/div>\n\t\t<div class=\"elementor-element elementor-element-1c2e3ac e-flex e-con-boxed e-con e-parent\" data-id=\"1c2e3ac\" data-element_type=\"container\" data-e-type=\"container\">\n\t\t\t\t\t<div class=\"e-con-inner\">\n\t\t<div class=\"elementor-element elementor-element-72a4292 e-con-full e-flex e-con e-child\" data-id=\"72a4292\" data-element_type=\"container\" data-e-type=\"container\">\n\t\t\t\t<div class=\"elementor-element elementor-element-e0b8de3 elementor-widget elementor-widget-image\" data-id=\"e0b8de3\" data-element_type=\"widget\" data-e-type=\"widget\" data-widget_type=\"image.default\">\n\t\t\t\t<div class=\"elementor-widget-container\">\n\t\t\t\t\t\t\t\t\t\t\t\t\t\t\t<img decoding=\"async\" width=\"1024\" height=\"681\" src=\"https:\/\/peepraun.ee\/wp-content\/uploads\/2025\/03\/FB_IMG_1702714623678-1024x681.jpg\" class=\"attachment-large size-large wp-image-872\" alt=\"\" srcset=\"https:\/\/peepraun.ee\/wp-content\/uploads\/2025\/03\/FB_IMG_1702714623678-1024x681.jpg 1024w, https:\/\/peepraun.ee\/wp-content\/uploads\/2025\/03\/FB_IMG_1702714623678-300x199.jpg 300w, https:\/\/peepraun.ee\/wp-content\/uploads\/2025\/03\/FB_IMG_1702714623678-768x511.jpg 768w, https:\/\/peepraun.ee\/wp-content\/uploads\/2025\/03\/FB_IMG_1702714623678-1000x665.jpg 1000w, https:\/\/peepraun.ee\/wp-content\/uploads\/2025\/03\/FB_IMG_1702714623678-230x153.jpg 230w, https:\/\/peepraun.ee\/wp-content\/uploads\/2025\/03\/FB_IMG_1702714623678-350x233.jpg 350w, https:\/\/peepraun.ee\/wp-content\/uploads\/2025\/03\/FB_IMG_1702714623678-480x319.jpg 480w, https:\/\/peepraun.ee\/wp-content\/uploads\/2025\/03\/FB_IMG_1702714623678.jpg 1080w\" sizes=\"(max-width: 1024px) 100vw, 1024px\" \/>\t\t\t\t\t\t\t\t\t\t\t\t\t\t\t<\/div>\n\t\t\t\t<\/div>\n\t\t\t\t<\/div>\n\t\t<div class=\"elementor-element elementor-element-fe254d1 e-con-full e-flex e-con e-child\" data-id=\"fe254d1\" data-element_type=\"container\" data-e-type=\"container\">\n\t\t\t\t<div class=\"elementor-element elementor-element-c38e731 elementor-widget elementor-widget-text-editor\" data-id=\"c38e731\" data-element_type=\"widget\" data-e-type=\"widget\" data-widget_type=\"text-editor.default\">\n\t\t\t\t<div class=\"elementor-widget-container\">\n\t\t\t\t\t\t\t\t\t<p>Ansambel Keila Kaunimate Agulih\u00e4rrade Vennaskond sai alguse Eesti tuntud ansamblite Kaunimate Aastate Vennaskond ja Agulih\u00e4rrad menukatest kontsertidest Keila Kultuurikeskuses.<\/p><p>Kui kutsute, siis tuleme r\u00f5\u00f5muga esinema Teie perekondlikele t\u00e4htp\u00e4evadele\u00a0 &#8211; juubelipidudele v\u00f5i s\u00fcnnip\u00e4evadele. Oleme esinenud nii suurtel lavadel (Keila Lauluv\u00e4ljaku avamisel, Jaani\u00f5htutel jm.) kui ka v\u00e4iksemates saalides v\u00e4\u00e4rikate inimeste pidudel.<\/p><p>Ansambli repertuaari valikul oleme l\u00e4htunud eelk\u00f5ige eesti tuntud luuletajate (J. Kaplinski, H. Runnel, J. Viiding jt.) ning heliloojate (G. Ernesaks,V. Ojak\u00e4\u00e4r, I. Kalda jt.) loomingust. V. Ojak\u00e4\u00e4ru poolt J. Kaplinski s\u00f5nadele kirjutatud \u201e Naine v\u00f5i kontrabass\u201c on kindlasti \u00fcks meie ansambli lemmiklaule.<\/p><p>Kontserdil jutustame laulude vahepaladeks muhedaid lugusid, et neil kuulajatel, kes viisi ei pea, ka huvitav oleks. Meie ansambli moto k\u00f5lab nii: \u201eParem olgu p\u00fchap\u00e4eva hommikul h\u00e4bi kui laup\u00e4eva \u00f5htul igav\u201c!<\/p><p class=\"x_MsoNormal\"><span class=\"markti2pljdp2\" data-markjs=\"true\" data-ogac=\"\" data-ogab=\"\" data-ogsc=\"\" data-ogsb=\"\" data-olk-copy-source=\"MessageBody\">Peep<\/span>\u00a0<span class=\"markld04myneh\" data-markjs=\"true\" data-ogac=\"\" data-ogab=\"\" data-ogsc=\"\" data-ogsb=\"\">Raun<\/span>\u00a0&#8211; akordion\u00a0, laul<\/p><p class=\"x_MsoNormal\">Kalle Kask &#8211; kontrabass , laul<\/p><p><iframe title=\"Agulih\u00e4rrad - Naine v\u00f5i kontrabass\" width=\"1170\" height=\"658\" src=\"https:\/\/www.youtube.com\/embed\/NUn9TN7e7ps?feature=oembed\" frameborder=\"0\" allow=\"accelerometer; autoplay; clipboard-write; encrypted-media; gyroscope; picture-in-picture; web-share\" referrerpolicy=\"strict-origin-when-cross-origin\" allowfullscreen><\/iframe><\/p>\t\t\t\t\t\t\t\t<\/div>\n\t\t\t\t<\/div>\n\t\t\t\t<\/div>\n\t\t\t\t\t<\/div>\n\t\t\t\t<\/div>\n\t\t\t\t<\/div>\n\t\t","protected":false},"excerpt":{"rendered":"<p>Kreeka Muusika Ansambel Zorbas K\u00f5ik need, kes on kuulanud ja n\u00e4inud Kreeka Muusika Ansamblit Zorbas ja teavad meie laule, tunnevad Kreekasse j\u00f5udes [&hellip;]<\/p>\n","protected":false},"author":1,"featured_media":0,"parent":0,"menu_order":0,"comment_status":"closed","ping_status":"closed","template":"elementor_header_footer","meta":{"footnotes":""},"class_list":["post-39","page","type-page","status-publish","hentry"],"_links":{"self":[{"href":"https:\/\/www.peepraun.ee\/index.php?rest_route=\/wp\/v2\/pages\/39","targetHints":{"allow":["GET"]}}],"collection":[{"href":"https:\/\/www.peepraun.ee\/index.php?rest_route=\/wp\/v2\/pages"}],"about":[{"href":"https:\/\/www.peepraun.ee\/index.php?rest_route=\/wp\/v2\/types\/page"}],"author":[{"embeddable":true,"href":"https:\/\/www.peepraun.ee\/index.php?rest_route=\/wp\/v2\/users\/1"}],"replies":[{"embeddable":true,"href":"https:\/\/www.peepraun.ee\/index.php?rest_route=%2Fwp%2Fv2%2Fcomments&post=39"}],"version-history":[{"count":5,"href":"https:\/\/www.peepraun.ee\/index.php?rest_route=\/wp\/v2\/pages\/39\/revisions"}],"predecessor-version":[{"id":1171,"href":"https:\/\/www.peepraun.ee\/index.php?rest_route=\/wp\/v2\/pages\/39\/revisions\/1171"}],"wp:attachment":[{"href":"https:\/\/www.peepraun.ee\/index.php?rest_route=%2Fwp%2Fv2%2Fmedia&parent=39"}],"curies":[{"name":"wp","href":"https:\/\/api.w.org\/{rel}","templated":true}]}}